 of 12120300 and 36.
36
What is the highest common divisor of 23969736 and 2865?
573
What is the greatest common factor of 59 and 31202622?
59
What is the greatest common factor of 28 and 322448?
28
What is the highest common divisor of 1946 and 283304?
14
Calculate the highest common factor of 1062330 and 2980.
10
What is the highest common divisor of 7295 and 8055?
5
Calculate the highest common divisor of 190542 and 134574.
66
Calculate the greatest common factor of 758 and 30696726.
758
Calculate the highest common divisor of 81675 and 272700.
675
What is the highest common factor of 69296 and 199531?
61
Calculate the greatest common factor of 1373 and 211377469.
1373
What is the highest common factor of 5716 and 597087644?
5716
What is the greatest common factor of 1766226 and 4092?
66
Calculate the highest common divisor of 16 and 7839296.
16
Calculate the greatest common divisor of 532584 and 53486.
1138
What is the greatest common factor of 444616 and 1687079?
373
Calculate the highest common divisor of 1872175 and 550.
25
What is the greatest common factor of 450138 and 38606?
398
Calculate the greatest common divisor of 291 and 219529915.
97
Calculate the greatest common factor of 28 and 68145644.
28
What is the highest common divisor of 153 and 7492342?
17
Calculate the highest common divisor of 540745 and 74285.
415
Calculate the highest common factor of 649707892 and 764.
764
Calculate the highest common factor of 37950 and 1384350.
1650
Calculate the highest common divisor of 5406 and 95163408.
318
What is the highest common divisor of 2642826 and 156?
6
Calculate the highest common divisor of 967314855 and 12090.
6045
Calculate the greatest common divisor of 764750 and 462840.
1330
Calculate the greatest common factor of 4 and 3097978.
2
What is the highest common factor of 1556 and 85520483?
389
What is the highest common divisor of 17795480 and 520?
40
Calculate the highest common factor of 4010 and 3575316.
802
What is the greatest common factor of 4265904 and 35472?
48
What is the greatest common divisor of 1501409 and 4147?
13
Calculate the highest common divisor of 2126000 and 239500.
500
What is the highest common divisor of 113362092 and 1053?
81
Calculate the greatest common divisor of 1898 and 11179001.
73
What is the highest common factor of 17098701 and 276024?
4929
Calculate the highest common factor of 21 and 3955752.
3
Calculate the greatest common divisor of 3602574 and 35767.
761
What is the highest common divisor of 1703240 and 23240?
280
Calculate the greatest common divisor of 34787885 and 7216.
451
Calculate the greatest common divisor of 9793654 and 130.
26
Calculate the highest common factor of 878 and 213861484.
878
What is the highest common factor of 61306 and 1768942?
406
Calculate the greatest common factor of 30597560 and 45962.
6566
Calculate the greatest common factor of 84300 and 88500.
300
What is the greatest common divisor of 32410 and 4430?
10
Calculate the highest common factor of 22882174 and 616.
14
What is the highest common divisor of 206460270 and 19?
19
What is the highest common factor of 784 and 15530624?
16
What is the greatest common divisor of 47255696 and 45200?
1808
Calculate the highest common factor of 3490110 and 6912.
18
Calculate the highest common divisor of 31257 and 25497.
9
What is the highest common factor of 44800 and 1477760?
640
Calculate the greatest common factor of 1890 and 12263076.
378
What is the highest common factor of 484 and 658856?
44
What is the highest common factor of 366732 and 890478?
1098
What is the highest common factor of 6540 and 62215565?
545
Calculate the highest common divisor of 49893115 and 327.
109
Calculate the greatest common factor of 561058877 and 9094.
4547
Calculate the highest common factor of 1797976 and 1155164.
2372
What is the greatest common factor of 1819170 and 15990?
1230
Calculate the highest common divisor of 22626972 and 67.
67
What is the greatest common factor of 6623 and 108484?
37
Calculate the highest common divisor of 20 and 11752230.
10
Calculate the highest common divisor of 25708 and 3328.
4
What is the highest common divisor of 29332723 and 1111?
101
What is the greatest common factor of 366694614 and 6318?
2106
What is the highest common factor of 234 and 4663932?
78
What is the highest common divisor of 130403375 and 25?
25
What is the greatest common factor of 70392 and 6310140?
5028
What is the highest common factor of 18456 and 41352?
24
What is the highest common factor of 4520 and 1442209960?
4520
Calculate the greatest common divisor of 21035 and 9033631.
601
Calculate the greatest common divisor of 80919 and 7857.
81
Calculate the highest common divisor of 32436 and 6758401.
901
Calculate the greatest common divisor of 3373916 and 676.
676
Calculate the highest common divisor of 10320876 and 228.
228
What is the highest common divisor of 2710837 and 42173?
181
Calculate the greatest common factor of 7 and 1549421.
1
What is the highest common factor of 2706434 and 43418?
34
What is the greatest common divisor of 103 and 15046446?
103
Calculate the highest common factor of 6005114 and 520064.
8126
Calculate the greatest common factor of 326325 and 15600.
75
Calculate the greatest common divisor of 509193996 and 23256.
3876
What is the highest common divisor of 103586520 and 60?
60
Calculate the highest common divisor of 238 and 23128602.
238
Calculate the greatest common divisor of 142336180 and 2450.
490
What is the greatest common factor of 232329 and 1131975?
129
Calculate the greatest common divisor of 28 and 41985755.
7
Calculate the highest common factor of 4486728 and 96.
24
What is the highest common divisor of 11124421 and 539?
539
Calculate the highest common factor of 48129 and 59109.
183
What is the highest common divisor of 40 and 12909656?
8
What is the greatest common factor of 102052 and 4684516?
3292
Calculate the highest common factor of 1990 and 18389590.
1990
Calculate the greatest common factor of 979165 and 57266.
209
Calculate the greatest common divisor of 22 and 245542286.
22
Calculate the greatest common factor of 1695 and 156360.
15
Calculate the highest common divisor of 9705 and 34377051.
1941
What is the highest common factor of 2470020 and 161?
7
What is the highest common factor of 214020 and 92452?
116
Calculate the highest common factor of 288 and 82314720.
288
What is the greatest common factor of 1836216 and 4327009?
8501
Calculate the highest common divisor of 1319557 and 1768.
17
Calculate the greatest common factor of 359 and 1521172.
1
Calculate the greatest common factor of 104583 and 426.
213
Calculate the highest common factor of 1215938 and 251023.
1451
Calculate the highest common divisor of 162 and 1605486.
6
Calculate the greatest common factor of 8136 and 151272.
72
What is the greatest common factor of 25569654 and 239?
239
What is the highest common factor of 381865032 and 6576?
3288
What is the greatest common factor of 72 and 12486042?
18
What is the highest common divisor of 417372032 and 2068?
2068
Calculate the greatest common factor of 3196 and 509668.
188
Calculate the highest common divisor of 1469913 and 33969.
201
What is the greatest common factor of 1269 and 144894843?
423
What is the greatest common factor of 4 and 8450208?
4
What is the greatest common divisor of 22015120 and 35?
5
What is the greatest common divisor of 529007143 and 469?
469
What is the greatest common divisor of 52328912 and 208?
16
Calculate the greatest common factor of 721 and 225689377.
103
What is the greatest common factor of 21710437 and 7?
7
Calculate the greatest common divisor of 237445 and 3399257.
281
Calculate the highest common factor of 63 and 2464357.
7
What is the highest common factor of 35072 and 84529?
137
What is the highest common divisor of 1464515056 and 222?
74
What is the highest common factor of 887299 and 7?
7
What is the greatest common factor of 133359824 and 6608?
944
Calculate the greatest common factor of 3696290 and 3370.
10
What is the greatest common divisor of 26020624 and 3790?
758
What is the greatest common divisor of 4024 and 2786117000?
4024
What is the highest common factor of 346758 and 183?
3
What is the highest common facto